{"id":784,"date":"2026-01-05T21:04:24","date_gmt":"2026-01-05T20:04:24","guid":{"rendered":"https:\/\/hsk-bau-plus.de\/?page_id=784"},"modified":"2026-01-06T22:59:39","modified_gmt":"2026-01-06T21:59:39","slug":"about-2","status":"publish","type":"page","link":"https:\/\/hsk-bau-plus.de\/index.php\/about-2\/","title":{"rendered":"Bewerbungen"},"content":{"rendered":"\t\t<div data-elementor-type=\"wp-page\" data-elementor-id=\"784\" class=\"elementor elementor-784\">\n\t\t\t\t\t\t<section class=\"elementor-section elementor-top-section elementor-element elementor-element-76756c5 elementor-section-full_width elementor-section-height-default elementor-section-height-default\" data-id=\"76756c5\" data-element_type=\"section\">\n\t\t\t\t\t\t<div class=\"elementor-container elementor-column-gap-no\">\n\t\t\t\t\t<div class=\"elementor-column elementor-col-100 elementor-top-column elementor-element elementor-element-3038f67\" data-id=\"3038f67\" data-element_type=\"column\">\n\t\t\t<div class=\"elementor-widget-wrap elementor-element-populated\">\n\t\t\t\t\t\t<div class=\"elementor-element elementor-element-50ecdcf elementor-widget elementor-widget-wpo-plumco_about\" data-id=\"50ecdcf\" data-element_type=\"widget\" data-settings=\"{&quot;about_image&quot;:{&quot;url&quot;:&quot;https:\\\/\\\/hsk-bau-plus.de\\\/wp-content\\\/uploads\\\/2026\\\/01\\\/shutterstock_288246359-scaled.jpg&quot;,&quot;id&quot;:1168,&quot;size&quot;:&quot;&quot;,&quot;alt&quot;:&quot;&quot;,&quot;source&quot;:&quot;library&quot;}}\" data-widget_type=\"wpo-plumco_about.default\">\n\t\t\t\t<div class=\"elementor-widget-container\">\n\t\t\t\t\t\t\t<div class=\"wpo-about-section about-section-s3\">\n\t\t\t<div class=\"container\">\n\t\t\t\t<div class=\"row\">\n\t\t\t\t\t<div class=\"col-lg-6 col-md-12 col-12\">\n\t\t\t\t\t\t<div class=\"about-thumnail\">\n\t\t\t\t\t\t\t<img decoding=\"async\" src=\"https:\/\/hsk-bau-plus.de\/wp-content\/uploads\/2026\/01\/shutterstock_288246359-scaled.jpg\" alt=\"\">\t\t\t\t\t\t<\/div>\n\t\t\t\t\t<\/div>\n\t\t\t\t\t<div class=\"col-lg-6 col-md-12 col-12\">\n\t\t\t\t\t\t<div class=\"wpo-about-text\">\n\t\t\t\t\t\t\t<h2>Personal \/ Ausbildungspl\u00e4tze<\/h2>\t\t\t\t\t\t\t<div class=\"about-content\">\n\t\t\t\t\t\t\t\t<h3 data-start=\"143\" data-end=\"181\">Wir suchen Auszubildende (m\/w\/d)<\/h3><p data-start=\"182\" data-end=\"233\"><strong data-start=\"182\" data-end=\"233\">Anlagenmechaniker SHK \u2013 Sanit\u00e4r, Heizung, Klima<\/strong><\/p><p data-start=\"235\" data-end=\"385\">Du bist handwerklich interessiert, arbeitest gerne praktisch und m\u00f6chtest einen zukunftssicheren Beruf erlernen? Dann starte deine Ausbildung bei uns!<\/p><p data-start=\"387\" data-end=\"712\">Als Auszubildende\/r zum\/zur Anlagenmechaniker\/in f\u00fcr Sanit\u00e4r-, Heizungs- und Klimatechnik lernst du, moderne Heizungsanlagen zu installieren, Badezimmer zu gestalten und energieeffiziente Systeme in Neu- und Altbauten umzusetzen. Dabei arbeitest du mit moderner Technik, hochwertigen Materialien und in einem erfahrenen Team.<\/p><p data-start=\"714\" data-end=\"744\"><strong data-start=\"714\" data-end=\"744\">Das erwartet dich bei uns:<\/strong><\/p><ul data-start=\"745\" data-end=\"1189\"><li data-start=\"745\" data-end=\"823\"><p data-start=\"747\" data-end=\"823\">Eine fundierte und praxisnahe Ausbildung in einem modernen SHK-Fachbetrieb<\/p><\/li><li data-start=\"824\" data-end=\"893\"><p data-start=\"826\" data-end=\"893\">Mitarbeit bei Neuinstallationen, Sanierungen und Wartungsarbeiten<\/p><\/li><li data-start=\"894\" data-end=\"973\"><p data-start=\"896\" data-end=\"973\">Einblick in Heizungs-, Sanit\u00e4r- und Klimatechnik sowie erneuerbare Energien<\/p><\/li><li data-start=\"974\" data-end=\"1042\"><p data-start=\"976\" data-end=\"1042\">Unterst\u00fctzung durch erfahrene Kollegen und feste Ansprechpartner<\/p><\/li><li data-start=\"1043\" data-end=\"1114\"><p data-start=\"1045\" data-end=\"1114\">Ein abwechslungsreicher Arbeitsalltag auf Baustellen und bei Kunden<\/p><\/li><li data-start=\"1115\" data-end=\"1189\"><p data-start=\"1117\" data-end=\"1189\">Sehr gute \u00dcbernahmechancen nach erfolgreichem Abschluss der Ausbildung<\/p><\/li><\/ul><p data-start=\"1191\" data-end=\"1222\"><strong data-start=\"1191\" data-end=\"1222\">Das solltest du mitbringen:<\/strong><\/p><ul data-start=\"1223\" data-end=\"1444\"><li data-start=\"1223\" data-end=\"1276\"><p data-start=\"1225\" data-end=\"1276\">Handwerkliches Geschick und technisches Interesse<\/p><\/li><li data-start=\"1277\" data-end=\"1326\"><p data-start=\"1279\" data-end=\"1326\">Zuverl\u00e4ssigkeit, Motivation und Teamf\u00e4higkeit<\/p><\/li><li data-start=\"1327\" data-end=\"1375\"><p data-start=\"1329\" data-end=\"1375\">Spa\u00df an praktischer Arbeit und Kundenkontakt<\/p><\/li><li data-start=\"1376\" data-end=\"1444\"><p data-start=\"1378\" data-end=\"1444\">Einen Schulabschluss (Hauptschule, Realschule oder vergleichbar)<\/p><\/li><\/ul><p data-start=\"1446\" data-end=\"1469\"><strong data-start=\"1446\" data-end=\"1469\">Das bieten wir dir:<\/strong><\/p><ul data-start=\"1470\" data-end=\"1686\"><li data-start=\"1470\" data-end=\"1529\"><p data-start=\"1472\" data-end=\"1529\">Einen sicheren Ausbildungsplatz mit Zukunftsperspektive<\/p><\/li><li data-start=\"1530\" data-end=\"1571\"><p data-start=\"1532\" data-end=\"1571\">Moderne Arbeitskleidung und Werkzeuge<\/p><\/li><li data-start=\"1572\" data-end=\"1629\"><p data-start=\"1574\" data-end=\"1629\">Ein angenehmes Betriebsklima in einem famili\u00e4ren Team<\/p><\/li><li data-start=\"1630\" data-end=\"1686\"><p data-start=\"1632\" data-end=\"1686\">Weiterbildungsm\u00f6glichkeiten auch nach der Ausbildung<\/p><\/li><\/ul><p data-start=\"1688\" data-end=\"1818\">Starte jetzt deine berufliche Zukunft in einem starken Handwerk mit besten Perspektiven.<br data-start=\"1776\" data-end=\"1779\" \/><strong data-start=\"1779\" data-end=\"1818\">Wir freuen uns auf deine Bewerbung!<\/strong><\/p>\t\t\t\t\t\t\t<\/div>\n\t\t\t\t\t\t\t<div class=\"about-button\">\n\t\t\t\t\t\t\t\t\t\t\t\t\t\t\t<\/div>\n\t\t\t\t\t\t<\/div>\n\t\t\t\t\t<\/div>\n\t\t\t\t<\/div>\n\t\t\t<\/div>\n\t\t<\/div>\n\t\t\t\t<\/div>\n\t\t\t\t<\/div>\n\t\t\t\t<div class=\"elementor-element elementor-element-85dbeb8 elementor-widget elementor-widget-wpo-plumco_about\" data-id=\"85dbeb8\" data-element_type=\"widget\" data-settings=\"{&quot;about_image&quot;:{&quot;url&quot;:&quot;https:\\\/\\\/hsk-bau-plus.de\\\/wp-content\\\/uploads\\\/2026\\\/01\\\/hz.jpg&quot;,&quot;id&quot;:1159,&quot;size&quot;:&quot;&quot;,&quot;alt&quot;:&quot;&quot;,&quot;source&quot;:&quot;library&quot;}}\" data-widget_type=\"wpo-plumco_about.default\">\n\t\t\t\t<div class=\"elementor-widget-container\">\n\t\t\t\t\t\t\t<div class=\"wpo-about-section about-section-s3\">\n\t\t\t<div class=\"container\">\n\t\t\t\t<div class=\"row\">\n\t\t\t\t\t<div class=\"col-lg-6 col-md-12 col-12\">\n\t\t\t\t\t\t<div class=\"about-thumnail\">\n\t\t\t\t\t\t\t<img decoding=\"async\" src=\"https:\/\/hsk-bau-plus.de\/wp-content\/uploads\/2026\/01\/hz.jpg\" alt=\"\">\t\t\t\t\t\t<\/div>\n\t\t\t\t\t<\/div>\n\t\t\t\t\t<div class=\"col-lg-6 col-md-12 col-12\">\n\t\t\t\t\t\t<div class=\"wpo-about-text\">\n\t\t\t\t\t\t\t<h2>Personal \/ Ausbildungspl\u00e4tze<\/h2>\t\t\t\t\t\t\t<div class=\"about-content\">\n\t\t\t\t\t\t\t\t<h2 data-start=\"197\" data-end=\"234\">Wir suchen Auszubildende (m\/w\/d)<\/h2><h3 data-start=\"235\" data-end=\"276\">Ausbildung zum\/zur B\u00fcrokaufmann\/-frau<\/h3><p data-start=\"278\" data-end=\"428\">Du bist organisiert, arbeitest gerne am Computer, beh\u00e4ltst den \u00dcberblick und hast Freude am Umgang mit Menschen? Dann starte deine Ausbildung bei uns!<\/p><p data-start=\"430\" data-end=\"755\">Als Auszubildende\/r zum\/zur <strong data-start=\"458\" data-end=\"480\">B\u00fcrokaufmann\/-frau<\/strong> lernst du die kaufm\u00e4nnischen und organisatorischen Abl\u00e4ufe unseres Unternehmens kennen. Du unterst\u00fctzt unser Team in der B\u00fcroorganisation, im Rechnungswesen, bei der Auftragsbearbeitung sowie im Kundenkontakt und tr\u00e4gst aktiv zum reibungslosen Ablauf des Tagesgesch\u00e4fts bei.<\/p><h3 data-start=\"757\" data-end=\"787\">Das erwartet dich bei uns:<\/h3><ul data-start=\"789\" data-end=\"1258\"><li data-start=\"789\" data-end=\"847\"><p data-start=\"791\" data-end=\"847\">Eine fundierte und praxisnahe kaufm\u00e4nnische Ausbildung<\/p><\/li><li data-start=\"848\" data-end=\"915\"><p data-start=\"850\" data-end=\"915\">Einblick in B\u00fcroorganisation, Verwaltung und Auftragsabwicklung<\/p><\/li><li data-start=\"916\" data-end=\"984\"><p data-start=\"918\" data-end=\"984\">Mitarbeit im Rechnungswesen, Schriftverkehr und Terminmanagement<\/p><\/li><li data-start=\"985\" data-end=\"1065\"><p data-start=\"987\" data-end=\"1065\">Telefonischer und schriftlicher Kontakt mit Kunden, Lieferanten und Partnern<\/p><\/li><li data-start=\"1066\" data-end=\"1114\"><p data-start=\"1068\" data-end=\"1114\">Arbeiten mit modernen B\u00fcro- und EDV-Systemen<\/p><\/li><li data-start=\"1115\" data-end=\"1183\"><p data-start=\"1117\" data-end=\"1183\">Unterst\u00fctzung durch erfahrene Kollegen und feste Ansprechpartner<\/p><\/li><li data-start=\"1184\" data-end=\"1258\"><p data-start=\"1186\" data-end=\"1258\">Sehr gute \u00dcbernahmechancen nach erfolgreichem Abschluss der Ausbildung<\/p><\/li><\/ul><h3 data-start=\"1260\" data-end=\"1291\">Das solltest du mitbringen:<\/h3><ul data-start=\"1293\" data-end=\"1650\"><li data-start=\"1293\" data-end=\"1358\"><p data-start=\"1295\" data-end=\"1358\">Interesse an kaufm\u00e4nnischen und organisatorischen T\u00e4tigkeiten<\/p><\/li><li data-start=\"1359\" data-end=\"1405\"><p data-start=\"1361\" data-end=\"1405\">Sorgf\u00e4ltige und strukturierte Arbeitsweise<\/p><\/li><li data-start=\"1406\" data-end=\"1455\"><p data-start=\"1408\" data-end=\"1455\">Zuverl\u00e4ssigkeit, Motivation und Teamf\u00e4higkeit<\/p><\/li><li data-start=\"1456\" data-end=\"1510\"><p data-start=\"1458\" data-end=\"1510\">Freundliches Auftreten und Kommunikationsf\u00e4higkeit<\/p><\/li><li data-start=\"1511\" data-end=\"1581\"><p data-start=\"1513\" data-end=\"1581\">Grundkenntnisse im Umgang mit PC und Office-Programmen von Vorteil<\/p><\/li><li data-start=\"1582\" data-end=\"1650\"><p data-start=\"1584\" data-end=\"1650\">Einen Schulabschluss (Hauptschule, Realschule oder vergleichbar)<\/p><\/li><\/ul><h3 data-start=\"1652\" data-end=\"1675\">Das bieten wir dir:<\/h3><ul data-start=\"1677\" data-end=\"1988\"><li data-start=\"1677\" data-end=\"1736\"><p data-start=\"1679\" data-end=\"1736\">Einen sicheren Ausbildungsplatz mit Zukunftsperspektive<\/p><\/li><li data-start=\"1737\" data-end=\"1804\"><p data-start=\"1739\" data-end=\"1804\">Eine abwechslungsreiche T\u00e4tigkeit in einem modernen Unternehmen<\/p><\/li><li data-start=\"1805\" data-end=\"1862\"><p data-start=\"1807\" data-end=\"1862\">Ein angenehmes Betriebsklima in einem famili\u00e4ren Team<\/p><\/li><li data-start=\"1863\" data-end=\"1931\"><p data-start=\"1865\" data-end=\"1931\">Unterst\u00fctzung bei deiner fachlichen und pers\u00f6nlichen Entwicklung<\/p><\/li><li data-start=\"1932\" data-end=\"1988\"><p data-start=\"1934\" data-end=\"1988\">Weiterbildungsm\u00f6glichkeiten auch nach der Ausbildung<\/p><\/li><\/ul><p data-start=\"1990\" data-end=\"2120\">Starte jetzt deine berufliche Zukunft im kaufm\u00e4nnischen Bereich mit besten Perspektiven.<br data-start=\"2078\" data-end=\"2081\" \/><strong data-start=\"2081\" data-end=\"2120\">Wir freuen uns auf deine Bewerbung!<\/strong><\/p>\t\t\t\t\t\t\t<\/div>\n\t\t\t\t\t\t\t<div class=\"about-button\">\n\t\t\t\t\t\t\t\t\t\t\t\t\t\t\t<\/div>\n\t\t\t\t\t\t<\/div>\n\t\t\t\t\t<\/div>\n\t\t\t\t<\/div>\n\t\t\t<\/div>\n\t\t<\/div>\n\t\t\t\t<\/div>\n\t\t\t\t<\/div>\n\t\t\t\t\t<\/div>\n\t\t<\/div>\n\t\t\t\t\t<\/div>\n\t\t<\/section>\n\t\t\t\t<\/div>\n\t\t","protected":false},"excerpt":{"rendered":"Personal \/ Ausbildungspl\u00e4tze Wir suchen Auszubildende (m\/w\/d) Anlagenmechaniker SHK \u2013 Sanit\u00e4r, Heizung, Klima Du bist handwerklich interessiert, arbeitest gerne praktisch und m\u00f6chtest einen zukunftssicheren Beruf erlernen? Dann starte deine Ausbildung bei uns! Als Auszubildende\/r zum\/zur Anlagenmechaniker\/in f\u00fcr Sanit\u00e4r-, Heizungs- und Klimatechnik lernst du, moderne Heizungsanlagen zu installieren, Badezimmer zu gestalten und energieeffiziente Systeme in Neu- ","protected":false},"author":1,"featured_media":0,"parent":0,"menu_order":0,"comment_status":"closed","ping_status":"closed","template":"elementor_header_footer","meta":{"_monsterinsights_skip_tracking":false,"_monsterinsights_sitenote_active":false,"_monsterinsights_sitenote_note":"","_monsterinsights_sitenote_category":0,"footnotes":""},"class_list":["post-784","page","type-page","status-publish","hentry"],"_links":{"self":[{"href":"https:\/\/hsk-bau-plus.de\/index.php\/wp-json\/wp\/v2\/pages\/784","targetHints":{"allow":["GET"]}}],"collection":[{"href":"https:\/\/hsk-bau-plus.de\/index.php\/wp-json\/wp\/v2\/pages"}],"about":[{"href":"https:\/\/hsk-bau-plus.de\/index.php\/wp-json\/wp\/v2\/types\/page"}],"author":[{"embeddable":true,"href":"https:\/\/hsk-bau-plus.de\/index.php\/wp-json\/wp\/v2\/users\/1"}],"replies":[{"embeddable":true,"href":"https:\/\/hsk-bau-plus.de\/index.php\/wp-json\/wp\/v2\/comments?post=784"}],"version-history":[{"count":37,"href":"https:\/\/hsk-bau-plus.de\/index.php\/wp-json\/wp\/v2\/pages\/784\/revisions"}],"predecessor-version":[{"id":1180,"href":"https:\/\/hsk-bau-plus.de\/index.php\/wp-json\/wp\/v2\/pages\/784\/revisions\/1180"}],"wp:attachment":[{"href":"https:\/\/hsk-bau-plus.de\/index.php\/wp-json\/wp\/v2\/media?parent=784"}],"curies":[{"name":"wp","href":"https:\/\/api.w.org\/{rel}","templated":true}]}}