{"id":695,"date":"2021-11-02T05:52:42","date_gmt":"2021-11-02T05:52:42","guid":{"rendered":"https:\/\/wpocean.com\/wp\/plumco\/?page_id=17"},"modified":"2026-01-06T00:05:00","modified_gmt":"2026-01-05T23:05:00","slug":"about","status":"publish","type":"page","link":"https:\/\/hsk-bau-plus.de\/index.php\/about\/","title":{"rendered":"\u00dcber uns"},"content":{"rendered":"\t\t<div data-elementor-type=\"wp-page\" data-elementor-id=\"695\" class=\"elementor elementor-695\">\n\t\t\t\t\t\t<section class=\"elementor-section elementor-top-section elementor-element elementor-element-26e0cae elementor-section-full_width elementor-section-content-middle elementor-section-height-default elementor-section-height-default\" data-id=\"26e0cae\" data-element_type=\"section\">\n\t\t\t\t\t\t<div class=\"elementor-container elementor-column-gap-default\">\n\t\t\t\t\t<div class=\"elementor-column elementor-col-100 elementor-top-column elementor-element elementor-element-08d907c\" data-id=\"08d907c\" data-element_type=\"column\">\n\t\t\t<div class=\"elementor-widget-wrap elementor-element-populated\">\n\t\t\t\t\t\t<div class=\"elementor-element elementor-element-50ecdcf elementor-widget elementor-widget-wpo-plumco_about\" data-id=\"50ecdcf\" data-element_type=\"widget\" data-settings=\"{&quot;about_image&quot;:{&quot;url&quot;:&quot;https:\\\/\\\/hsk-bau-plus.de\\\/wp-content\\\/uploads\\\/2026\\\/01\\\/bgbg.webp&quot;,&quot;id&quot;:940,&quot;size&quot;:&quot;&quot;,&quot;alt&quot;:&quot;&quot;,&quot;source&quot;:&quot;library&quot;}}\" data-widget_type=\"wpo-plumco_about.default\">\n\t\t\t\t<div class=\"elementor-widget-container\">\n\t\t\t\t\t\t\t<div class=\"wpo-about-section about-section-s3\">\n\t\t\t<div class=\"container\">\n\t\t\t\t<div class=\"row\">\n\t\t\t\t\t<div class=\"col-lg-6 col-md-12 col-12\">\n\t\t\t\t\t\t<div class=\"about-thumnail\">\n\t\t\t\t\t\t\t<img decoding=\"async\" src=\"https:\/\/hsk-bau-plus.de\/wp-content\/uploads\/2026\/01\/bgbg.webp\" alt=\"\">\t\t\t\t\t\t<\/div>\n\t\t\t\t\t<\/div>\n\t\t\t\t\t<div class=\"col-lg-6 col-md-12 col-12\">\n\t\t\t\t\t\t<div class=\"wpo-about-text\">\n\t\t\t\t\t\t\t<span>\u00dcber uns<\/span><h2>Leidenschaft f\u00fcrs Handwerk seit 2018<\/h2>\t\t\t\t\t\t\t<div class=\"about-content\">\n\t\t\t\t\t\t\t\t<p data-start=\"154\" data-end=\"441\">Seit 2018 sind wir als Meisterbetrieb mit Leidenschaft und Fachkompetenz f\u00fcr unsere Kundinnen und Kunden im Einsatz. Von der ersten Kontaktaufnahme \u00fcber pers\u00f6nliche Erstgespr\u00e4che bis hin zur umfassenden Beratung legen wir gro\u00dfen Wert auf Transparenz, Vertrauen und individuelle L\u00f6sungen.<\/p><p data-start=\"443\" data-end=\"704\">Unser engagiertes Team verbindet handwerkliches K\u00f6nnen mit Erfahrung und einem hohen Qualit\u00e4tsanspruch. Jedes Projekt wird von uns sorgf\u00e4ltig geplant und flexibel an die W\u00fcnsche und Anforderungen unserer Kunden angepasst \u2013 denn kein Vorhaben ist wie das andere.<\/p><p data-start=\"706\" data-end=\"954\">Wir verstehen uns als mehr als nur ein Handwerksbetrieb: Wir sind zuverl\u00e4ssiger Partner, Mitdenker und Umsetzer. Unser Ziel ist es, nachhaltige, durchdachte und hochwertige Ergebnisse zu schaffen, mit denen unsere Kunden langfristig zufrieden sind.<\/p>\t\t\t\t\t\t\t<\/div>\n\t\t\t\t\t\t\t<div class=\"about-button\">\n\t\t\t\t\t\t\t\t\t\t\t\t\t\t\t<\/div>\n\t\t\t\t\t\t<\/div>\n\t\t\t\t\t<\/div>\n\t\t\t\t<\/div>\n\t\t\t<\/div>\n\t\t<\/div>\n\t\t\t\t<\/div>\n\t\t\t\t<\/div>\n\t\t\t\t\t<\/div>\n\t\t<\/div>\n\t\t\t\t\t<\/div>\n\t\t<\/section>\n\t\t\t\t<\/div>\n\t\t","protected":false},"excerpt":{"rendered":"\u00dcber uns Leidenschaft f\u00fcrs Handwerk seit 2018 Seit 2018 sind wir als Meisterbetrieb mit Leidenschaft und Fachkompetenz f\u00fcr unsere Kundinnen und Kunden im Einsatz. Von der ersten Kontaktaufnahme \u00fcber pers\u00f6nliche Erstgespr\u00e4che bis hin zur umfassenden Beratung legen wir gro\u00dfen Wert auf Transparenz, Vertrauen und individuelle L\u00f6sungen. Unser engagiertes Team verbindet handwerkliches K\u00f6nnen mit Erfahrung und ","protected":false},"author":1,"featured_media":0,"parent":0,"menu_order":0,"comment_status":"closed","ping_status":"closed","template":"elementor_header_footer","meta":{"_monsterinsights_skip_tracking":false,"_monsterinsights_sitenote_active":false,"_monsterinsights_sitenote_note":"","_monsterinsights_sitenote_category":0,"footnotes":""},"class_list":["post-695","page","type-page","status-publish","hentry"],"_links":{"self":[{"href":"https:\/\/hsk-bau-plus.de\/index.php\/wp-json\/wp\/v2\/pages\/695","targetHints":{"allow":["GET"]}}],"collection":[{"href":"https:\/\/hsk-bau-plus.de\/index.php\/wp-json\/wp\/v2\/pages"}],"about":[{"href":"https:\/\/hsk-bau-plus.de\/index.php\/wp-json\/wp\/v2\/types\/page"}],"author":[{"embeddable":true,"href":"https:\/\/hsk-bau-plus.de\/index.php\/wp-json\/wp\/v2\/users\/1"}],"replies":[{"embeddable":true,"href":"https:\/\/hsk-bau-plus.de\/index.php\/wp-json\/wp\/v2\/comments?post=695"}],"version-history":[{"count":17,"href":"https:\/\/hsk-bau-plus.de\/index.php\/wp-json\/wp\/v2\/pages\/695\/revisions"}],"predecessor-version":[{"id":949,"href":"https:\/\/hsk-bau-plus.de\/index.php\/wp-json\/wp\/v2\/pages\/695\/revisions\/949"}],"wp:attachment":[{"href":"https:\/\/hsk-bau-plus.de\/index.php\/wp-json\/wp\/v2\/media?parent=695"}],"curies":[{"name":"wp","href":"https:\/\/api.w.org\/{rel}","templated":true}]}}